. Suppose s = -u + 2*h - 6, h + 4 = 6*u - 2*u. What are the prime factors of u?
2
Suppose 0 = 5*p - 3*i - 5, -p - 2*i + 4 = 3*p. What are the prime factors of -494*(0/3 - p)/2?
13, 19
Let p = -2034 - -4085. List the prime factors of p.
7, 293
What are the prime factors of (1120/(-15) + 2)/((-2)/21)?
7, 109
Suppose 969 + 1446 = 7*m. Let u = -103 + m. List the prime factors of u.
2, 11
Let o = 2643 - 658. List the prime factors of o.
5, 397
Let n(a) = 16 - 6*a - 8*a**2 + 3*a + a**3 + a. List the prime factors of n(10).
2, 7
Suppose -4*b + 3*p + 585 = 0, 4*b - 176 = 2*p + 414. Let x be (-18)/42 + b/7. Suppose -3*l + 4*u = -16, l + 3*u = 4*l - x. What are the prime factors of l?
2, 3
Suppose -d = 2*g + 17 - 194, d = 3*g - 258. List the prime factors of g.
3, 29
Let c be (6 - 9) + (-2)/(-2). Let o be (0 + 3 + -3)/c. Suppose o = 2*b - 12 - 14. List the prime factors of b.
13
Let n = 3782 + -8093. List the prime factors of 8/14 - n/63.
3, 23
Let a(m) = m**3 + 7*m**2 + 8*m + 15. Let z be a(-6). Suppose h = 6*h + j - 47, z*h - 5*j = 17. List the prime factors of ((-6)/5)/(h/(-60)).
2
Let a be (2/(-4))/((-4)/24). Suppose -124 = -a*o - 22. What are the prime factors of o?
2, 17
Suppose -3*a + 15 = 0, 6*k + 4*a = 8*k - 668. What are the prime factors of k?
2, 43
Suppose -2*q + 16 = 3*p - 0*p, -8 = -3*p - 4*q. List the prime factors of p.
2
Let s = 1934 - 1016. What are the prime factors of s?
2, 3, 17
Let k be (52 + 3 - 4)*6. Let d = 462 - k. List the prime factors of d.
2, 3, 13
Suppose -35*l = 54*l - 2848. What are the prime factors of l?
2
Let v = 429 + 466. List the prime factors of v.
5, 179
Let p(j) = -9*j + 31. Let k be p(3). List the prime factors of -1*5379/(-27) - k/18.
199
Let u(x) = -x**3 - 15*x**2 - 18*x - 12. Let i = -11 - 3. List the prime factors of u(i).
2, 11
Let o be ((-21)/12)/((-2)/24). Suppose o*w - 83 = 20*w. List the prime factors of w.
83
Suppose -1 = -q + 1, 5*w + 2*q + 606 = 0. Let p = w - -235. List the prime factors of p.
113
Let s be (-894)/((-10)/8 + (-7)/28). Suppose q = -3*v + 7*v - 484, -5*v - q + s = 0. List the prime factors of v.
2, 3, 5
Let y = -40 + 40. Suppose 4*s + 0*k + 2*k - 314 = y, 5*s + 2*k = 391. What are the prime factors of s?
7, 11
Let h be 2/(-3) + 2560/15. List the prime factors of (2/12)/(6/18)*h.
5, 17
Let n = 4851 + -2594. What are the prime factors of n?
37, 61
Suppose 7*w - 4*k = 2*w + 2016, k = -3*w + 1196. List the prime factors of w.
2, 5
Let i = 1170 + -594. Suppose 5*m - 8*m + i = -h, 190 = m - h. List the prime factors of m.
193
Suppose -2*a + 53 = -a. Let i = -33 + a. What are the prime factors of i?
2, 5
Let q(f) = -2*f**2 - 3*f - 9. Let g be q(8). Let t = 268 + g. List the prime factors of t.
107
Suppose 5*c + 0 = -3*f + 10, -2*c = 2. Suppose -f*i - 312 = -9*i. List the prime factors of i.
2, 3, 13
Let c(a) be the second derivative of 9*a**4/4 - 5*a**3/6 + 2*a**2 - 10*a. Let g be c(3). Suppose 2*x = -2*x + g. List the prime factors of x.
2, 29
Let u(i) = 3*i**3 - 88*i**2 - 15*i - 17. List the prime factors of u(30).
31, 43
Let b(u) = -21*u + 33. Let d be b(-8). Suppose 621 = 2*z + p, 0 = -z + 5*p + d + 126. What are the prime factors of z?
2, 3, 13
Let d = 0 + 2. Suppose -5*f + d*f + 189 = 0. List the prime factors of f.
3, 7
Suppose -z + 28 = 3*z. Suppose -5 = r - 3*i, -r - 4*r + 26 = 2*i. What are the prime factors of (z/r)/(3/120)?
2, 5, 7
Let m = 1559 - 1043. List the prime factors of m.
2, 3, 43
Let z(n) = 4*n**3 - n**2 - 32*n + 29. What are the prime factors of z(9)?
2, 7, 23
Let m = 54 - 147. Suppose 271 = 2*i - 12*x + 7*x, -265 = -2*i - x. Let b = m + i. List the prime factors of b.
2, 5
Suppose -3*h = -4*h - 5. Let d(c) be the first derivative of c**3/3 + c**2 - 3*c + 19. What are the prime factors of d(h)?
2, 3
Suppose f = -2*l + 9, 3*l = 5*f - 3*f - 11. Let x = 11 - f. Suppose x*g + 20 = 8*g. List the prime factors of g.
5
Let c(i) = -i**3 + 2*i + 1. Let b be c(-2). Suppose -2*o = 3*v - 225, 58 = -v + 2*v - b*o. List the prime factors of v.
73
Let z(r) = 10*r**2 + 11*r + 2. What are the prime factors of z(10)?
2, 139
Let p(a) = 0*a + 2*a - 1 - 3*a - 6. Let f be p(-10). Suppose q = -2*y + 25, -q + 3*y = -17 - f. What are the prime factors of q?
23
Let p(x) = 8*x + 37. Let i be p(-4). Suppose l - 991 = -i*b, l + 203 = 4*b - 3*b. List the prime factors of b.
199
Let w = 22 - 23. What are the prime factors of (-2)/((w/29)/(9/18))?
29
Let y be -1*4 - (0 - 154). Let v be 3/6*y/1. Let l = v - 29. What are the prime factors of l?
2, 23
Let p = 1142 + -796. List the prime factors of p.
2, 173
Let k = -38 + 22. Let z be -1 - 110/8 - 6/(-8). Let a = z - k. List the prime factors of a.
2
Let p = -206 - -1087. List the prime factors of p.
881
Suppose -2*w = -0*t - 2*t, 0 = 5*t + 3*w - 40. What are the prime factors of 2 - 35/t*-12?
2, 43
Let k(b) = 1333*b**2 - 6*b - 7. What are the prime factors of k(-1)?
2, 3, 37
Let z(h) = 3*h**2 + 2*h - 10. Suppose 5*u + 38 = -4*a, -a - u + 5 = -2*a. What are the prime factors of z(a)?
3, 41
Let r(x) = 4*x**3 + 3*x**2 - 4. Let t(i) = -2*i + 28. Let w be t(13). What are the prime factors of r(w)?
2, 5
Let l be (-2)/12 + (-43)/(-6). Let p be l/((-3 + 2)*-1). Let d = 5 + p. List the prime factors of d.
2, 3
Let z(v) = -v**3 + 44*v**2 + 50*v + 46. List the prime factors of z(45).
271
Let n = -106 + 157. Suppose -5*v + 80 = -65. Let y = n - v. What are the prime factors of y?
2, 11
Suppose 13*d - 14*d + 71 = 0. Suppose -5*o + d = -259. List the prime factors of o.
2, 3, 11
Let w = 21 + -18. Suppose 534 = -0*p + w*p. What are the prime factors of p?
2, 89
List the prime factors of ((-3)/((-45)/(-12)))/(7/(-315)).
2, 3
Suppose -4*z = -5*a - 33, z + 9 = -4*a - 9. Let v be ((-203)/14)/((-1)/z). Let f = 66 - v. List the prime factors of f.
37
Let h = 1 - -2. Let a(g) = -12*g - 4. Let q(x) = 10*x + 5. Let l(y) = 4*a(y) + 5*q(y). What are the prime factors of l(h)?
3, 5
Suppose 0 = -k - 4*r - 157, -5*k - 197 = -2*r + 632. Let f = -113 - k. What are the prime factors of f?
2, 13
Suppose -33*a = -24*a - 6300. What are the prime factors of a?
2, 5, 7
Let d(m) = 3*m**2 - 41*m + 47. List the prime factors of d(22).
3, 199
Suppose -20*o + 22*o + 690 = 2*g, 0 = -2*g - o + 705. List the prime factors of g.
2, 5, 7
Let k(v) = -1. Let a(h) = -2*h - 9. Let g(s) = -2*a(s) + 18*k(s). Let c be g(1). Suppose -3*n + c*n - 7 = 0. What are the prime factors of n?
7
Let c be 0 + -2 + 0/(-6). Let b be 4 + 4 + 8/c. Suppose 63 = b*o + 3*s, 0*o = o - 5*s - 33. What are the prime factors of o?
2, 3
Let b(q) = 11*q**2 + 29*q + 10. List the prime factors of b(-14).
2, 5, 11
Let x = 17 - 19. What are the prime factors of (((-184)/6)/x)/((-42)/(-441))?
7, 23
Let l(r) = -r**2 - 8*r + 7. Let i = 0 + -8. Let v be l(i). Suppose 0 = -g - 4*j + 38, -2*g - 136 = -v*g - 2*j. What are the prime factors of g?
2, 13
Let a(c) = 6*c**2 - c + 4. Let i(y) = y**2 + 1. Let q(b) = 2*a(b) - 11*i(b). Let j be q(5). Let w(f) = -f**2 + 16*f - 2. What are the prime factors of w(j)?
2, 23
List the prime factors of (-4097)/(-8) + (-2)/64*4.
2
Let k be 12 - (0 - (0 - 1)). Suppose 4*q - 2*h + 3*h - 58 = 0, 0 = q + 2*h - k. Suppose s - q = -3*y + 6*s, 5*s - 25 = -y. List the prime factors of y.
2, 5
Let q = 1399 - 805. List the prime factors of q.
2, 3, 11
What are the prime factors of (134/4 - 0)/(66/924)?
7, 67
Let q = -73 - -27. Let g = 72 + q. Suppose -5*l = -g - 19. List the prime factors of l.
3
Suppose -n + 14 + 3 = -4*d, -3*n = -4*d - 27. Suppose -5*p - 4*j = -1070, -104 = -n*p - j + 951. What are the prime factors of p?
2, 3, 5, 7
Let s(t) = 2*t**3 + t**2 - t + 535. List the prime factors of s(0).
5, 107
Suppose -25 = -0*w - 5*w. Suppose w*u - 4*l - 40 = 0, 24 = 4*u - 2*l - 8. List the prime factors of u.
2
List the prime factors of (152/(-6))/(((-16)/(-60))/(-2)).
2, 5, 19
List the prime factors of (-6 - -4) + 1130 + 1.
1129
Let t be (-2)/(-4) + 535/2. Let w = -177 + t. Let u = 144 - w. List the prime factors of u.
53
Suppose -83*p + 4239 + 10452 = 0. What are the prime factors of p?
3, 59
Suppose -3*d + 5611 = h, 2*d + 3*h = d + 1873. List the prime factors of d.
2, 5, 11, 17
Let g = 1157 - -398. List the prime factors of g.
5, 311
Suppose 4*r - 3*x + 7 = 0, -2*r + 0*r - 2*x = -14. Let o(u) = 0 + 2*u + u**3